{"id":20,"date":"2021-02-06T22:55:13","date_gmt":"2021-02-06T20:55:13","guid":{"rendered":"https:\/\/sanataideyhdistysrapina.com\/kirjametsa\/?page_id=20"},"modified":"2021-04-04T12:26:25","modified_gmt":"2021-04-04T09:26:25","slug":"nain-nayttely-rakennettiin","status":"publish","type":"page","link":"https:\/\/sanataideyhdistysrapina.com\/kirjametsa\/nain-nayttely-rakennettiin\/","title":{"rendered":"N\u00e4in n\u00e4yttely rakennettiin"},"content":{"rendered":"<p><span style=\"font-weight: 400;\">Kirjamets\u00e4-n\u00e4yttelyn rakensi Keski-Suomen sanataideyhdistys Rapina ry:n moniosaavat j\u00e4senet. Homma jaettiin kahteen osioon: opetukseen ja lavastukseen. Audio- ja kuvituspuolelle n\u00e4yttelytiimi palkkasi yhdistyksen ulkopuolisia tukijoukkoja. Tilat n\u00e4yttelylle l\u00f6ytyiv\u00e4t Keski-kirjastoilta, joka on hankkeen p\u00e4\u00e4yhteisty\u00f6kumppani. N\u00e4yttely on rakennettu Alfred Kordelinin s\u00e4\u00e4ti\u00f6n apurahan turvin.<\/span><\/p>\n<p><span style=\"font-weight: 400;\"><img loading=\"lazy\" decoding=\"async\" class=\"alignleft size-medium wp-image-70\" src=\"https:\/\/sanataideyhdistysrapina.com\/kirjametsa\/wp-content\/uploads\/sites\/3\/2021\/03\/Viidakko-_-puumaja-valk.tausta-300x300.png\" alt=\"\" width=\"300\" height=\"300\" srcset=\"https:\/\/sanataideyhdistysrapina.com\/kirjametsa\/wp-content\/uploads\/sites\/3\/2021\/03\/Viidakko-_-puumaja-valk.tausta-300x300.png 300w, https:\/\/sanataideyhdistysrapina.com\/kirjametsa\/wp-content\/uploads\/sites\/3\/2021\/03\/Viidakko-_-puumaja-valk.tausta-1024x1024.png 1024w, https:\/\/sanataideyhdistysrapina.com\/kirjametsa\/wp-content\/uploads\/sites\/3\/2021\/03\/Viidakko-_-puumaja-valk.tausta-150x150.png 150w, https:\/\/sanataideyhdistysrapina.com\/kirjametsa\/wp-content\/uploads\/sites\/3\/2021\/03\/Viidakko-_-puumaja-valk.tausta-768x768.png 768w, https:\/\/sanataideyhdistysrapina.com\/kirjametsa\/wp-content\/uploads\/sites\/3\/2021\/03\/Viidakko-_-puumaja-valk.tausta-270x270.png 270w, https:\/\/sanataideyhdistysrapina.com\/kirjametsa\/wp-content\/uploads\/sites\/3\/2021\/03\/Viidakko-_-puumaja-valk.tausta-230x230.png 230w, https:\/\/sanataideyhdistysrapina.com\/kirjametsa\/wp-content\/uploads\/sites\/3\/2021\/03\/Viidakko-_-puumaja-valk.tausta.png 1400w\" sizes=\"auto, (max-width: 300px) 100vw, 300px\" \/>Opetuspuoli jaettiin j\u00e4lleen osiin ik\u00e4ryhmien mukaan, aina alle kouluik\u00e4isist\u00e4 nuoriin ja aikuisiin. Jokaiselle ik\u00e4ryhm\u00e4lle laadittiin heille sopivia ja innostavia sanataideteht\u00e4vi\u00e4, joiden kautta tehd\u00e4\u00e4n tutkimusretki\u00e4 Kirjamets\u00e4\u00e4n.<\/span><\/p>\n<p><span style=\"font-weight: 400;\">Lavastepuoli vastasi n\u00e4yttelyn visuaalisesta ilmeest\u00e4. Suuri osa lavasteista on itse k\u00e4sin tehtyj\u00e4. Lavastei<\/span>ta tehdess\u00e4 pyrittiin hy\u00f6dynt\u00e4m\u00e4\u00e4n mahdollisimman paljon kierr\u00e4tysmateriaaleja ja nurkissa py\u00f6rineit\u00e4 askartelurippeit\u00e4. Esimerkiksi n\u00e4yttelyn viidakkomaisemissa on n\u00e4ht\u00e4viss\u00e4 vanhoista vaatteista ja lakanoista tehtyj\u00e4 kukkia.<\/p>\n<p><span style=\"font-weight: 400;\">N\u00e4yttelyn \u00e4\u00e4nimaailman loihti Jari Kalavainen. N\u00e4yttelyjulisteen ja n\u00e4yttely\u00e4 varta vasten tehdyt kuvitukset teki <\/span><span style=\"font-weight: 400;\">Heta Vaattovaara<\/span><span style=\"font-weight: 400;\">. Nettisivujen teknisess\u00e4 toteutuksessa auttoi Janne Jalonen.<\/span><\/p>\n","protected":false},"excerpt":{"rendered":"<p>Kirjamets\u00e4-n\u00e4yttelyn rakensi Keski-Suomen sanataideyhdistys Rapina ry:n moniosaavat j\u00e4senet. Homma jaettiin kahteen osioon: opetukseen ja lavastukseen. Audio- ja kuvituspuolelle n\u00e4yttelytiimi palkkasi yhdistyksen ulkopuolisia tukijoukkoja. Tilat n\u00e4yttelylle l\u00f6ytyiv\u00e4t Keski-kirjastoilta, joka on hankkeen p\u00e4\u00e4yhteisty\u00f6kumppani. N\u00e4yttely on rakennettu Alfred Kordelinin s\u00e4\u00e4ti\u00f6n apurahan turvin. Opetuspuoli<\/p>\n","protected":false},"author":1,"featured_media":0,"parent":0,"menu_order":0,"comment_status":"closed","ping_status":"closed","template":"","meta":{"footnotes":""},"class_list":["post-20","page","type-page","status-publish","hentry"],"yoast_head":"<!-- This site is optimized with the Yoast SEO plugin v26.7 - https:\/\/yoast.com\/wordpress\/plugins\/seo\/ -->\n<title>N\u00e4in n\u00e4yttely rakennettiin - Kirjamets\u00e4 \u2013 N\u00e4yttely kotimaisen kirjallisuuden taianomaisista metsist\u00e4<\/title>\n<meta name=\"robots\" content=\"index, follow, max-snippet:-1, max-image-preview:large, max-video-preview:-1\" \/>\n<link rel=\"canonical\" href=\"https:\/\/sanataideyhdistysrapina.com\/kirjametsa\/nain-nayttely-rakennettiin\/\" \/>\n<meta property=\"og:locale\" content=\"fi_FI\" \/>\n<meta property=\"og:type\" content=\"article\" \/>\n<meta property=\"og:title\" content=\"N\u00e4in n\u00e4yttely rakennettiin - Kirjamets\u00e4 \u2013 N\u00e4yttely kotimaisen kirjallisuuden taianomaisista metsist\u00e4\" \/>\n<meta property=\"og:description\" content=\"Kirjamets\u00e4-n\u00e4yttelyn rakensi Keski-Suomen sanataideyhdistys Rapina ry:n moniosaavat j\u00e4senet. Homma jaettiin kahteen osioon: opetukseen ja lavastukseen. Audio- ja kuvituspuolelle n\u00e4yttelytiimi palkkasi yhdistyksen ulkopuolisia tukijoukkoja. Tilat n\u00e4yttelylle l\u00f6ytyiv\u00e4t Keski-kirjastoilta, joka on hankkeen p\u00e4\u00e4yhteisty\u00f6kumppani. N\u00e4yttely on rakennettu Alfred Kordelinin s\u00e4\u00e4ti\u00f6n apurahan turvin. Opetuspuoli\" \/>\n<meta property=\"og:url\" content=\"https:\/\/sanataideyhdistysrapina.com\/kirjametsa\/nain-nayttely-rakennettiin\/\" \/>\n<meta property=\"og:site_name\" content=\"Kirjamets\u00e4 \u2013 N\u00e4yttely kotimaisen kirjallisuuden taianomaisista metsist\u00e4\" \/>\n<meta property=\"article:modified_time\" content=\"2021-04-04T09:26:25+00:00\" \/>\n<meta property=\"og:image\" content=\"https:\/\/sanataideyhdistysrapina.com\/kirjametsa\/wp-content\/uploads\/sites\/3\/2021\/03\/Viidakko-_-puumaja-valk.tausta-300x300.png\" \/>\n<meta name=\"twitter:card\" content=\"summary_large_image\" \/>\n<meta name=\"twitter:label1\" content=\"Arvioitu lukuaika\" \/>\n\t<meta name=\"twitter:data1\" content=\"1 minuutti\" \/>\n<script type=\"application\/ld+json\" class=\"yoast-schema-graph\">{\"@context\":\"https:\/\/schema.org\",\"@graph\":[{\"@type\":\"WebPage\",\"@id\":\"https:\/\/sanataideyhdistysrapina.com\/kirjametsa\/nain-nayttely-rakennettiin\/\",\"url\":\"https:\/\/sanataideyhdistysrapina.com\/kirjametsa\/nain-nayttely-rakennettiin\/\",\"name\":\"N\u00e4in n\u00e4yttely rakennettiin - Kirjamets\u00e4 \u2013 N\u00e4yttely kotimaisen kirjallisuuden taianomaisista metsist\u00e4\",\"isPartOf\":{\"@id\":\"https:\/\/sanataideyhdistysrapina.com\/kirjametsa\/#website\"},\"primaryImageOfPage\":{\"@id\":\"https:\/\/sanataideyhdistysrapina.com\/kirjametsa\/nain-nayttely-rakennettiin\/#primaryimage\"},\"image\":{\"@id\":\"https:\/\/sanataideyhdistysrapina.com\/kirjametsa\/nain-nayttely-rakennettiin\/#primaryimage\"},\"thumbnailUrl\":\"https:\/\/sanataideyhdistysrapina.com\/kirjametsa\/wp-content\/uploads\/sites\/3\/2021\/03\/Viidakko-_-puumaja-valk.tausta-300x300.png\",\"datePublished\":\"2021-02-06T20:55:13+00:00\",\"dateModified\":\"2021-04-04T09:26:25+00:00\",\"breadcrumb\":{\"@id\":\"https:\/\/sanataideyhdistysrapina.com\/kirjametsa\/nain-nayttely-rakennettiin\/#breadcrumb\"},\"inLanguage\":\"fi\",\"potentialAction\":[{\"@type\":\"ReadAction\",\"target\":[\"https:\/\/sanataideyhdistysrapina.com\/kirjametsa\/nain-nayttely-rakennettiin\/\"]}]},{\"@type\":\"ImageObject\",\"inLanguage\":\"fi\",\"@id\":\"https:\/\/sanataideyhdistysrapina.com\/kirjametsa\/nain-nayttely-rakennettiin\/#primaryimage\",\"url\":\"https:\/\/sanataideyhdistysrapina.com\/kirjametsa\/wp-content\/uploads\/sites\/3\/2021\/03\/Viidakko-_-puumaja-valk.tausta.png\",\"contentUrl\":\"https:\/\/sanataideyhdistysrapina.com\/kirjametsa\/wp-content\/uploads\/sites\/3\/2021\/03\/Viidakko-_-puumaja-valk.tausta.png\",\"width\":1400,\"height\":1400},{\"@type\":\"BreadcrumbList\",\"@id\":\"https:\/\/sanataideyhdistysrapina.com\/kirjametsa\/nain-nayttely-rakennettiin\/#breadcrumb\",\"itemListElement\":[{\"@type\":\"ListItem\",\"position\":1,\"name\":\"Etusivu\",\"item\":\"https:\/\/sanataideyhdistysrapina.com\/kirjametsa\/\"},{\"@type\":\"ListItem\",\"position\":2,\"name\":\"N\u00e4in n\u00e4yttely rakennettiin\"}]},{\"@type\":\"WebSite\",\"@id\":\"https:\/\/sanataideyhdistysrapina.com\/kirjametsa\/#website\",\"url\":\"https:\/\/sanataideyhdistysrapina.com\/kirjametsa\/\",\"name\":\"Kirjamets\u00e4 \u2013 N\u00e4yttely kotimaisen kirjallisuuden taianomaisista metsist\u00e4\",\"description\":\"\",\"potentialAction\":[{\"@type\":\"SearchAction\",\"target\":{\"@type\":\"EntryPoint\",\"urlTemplate\":\"https:\/\/sanataideyhdistysrapina.com\/kirjametsa\/?s={search_term_string}\"},\"query-input\":{\"@type\":\"PropertyValueSpecification\",\"valueRequired\":true,\"valueName\":\"search_term_string\"}}],\"inLanguage\":\"fi\"}]}<\/script>\n<!-- \/ Yoast SEO plugin. -->","yoast_head_json":{"title":"N\u00e4in n\u00e4yttely rakennettiin - Kirjamets\u00e4 \u2013 N\u00e4yttely kotimaisen kirjallisuuden taianomaisista metsist\u00e4","robots":{"index":"index","follow":"follow","max-snippet":"max-snippet:-1","max-image-preview":"max-image-preview:large","max-video-preview":"max-video-preview:-1"},"canonical":"https:\/\/sanataideyhdistysrapina.com\/kirjametsa\/nain-nayttely-rakennettiin\/","og_locale":"fi_FI","og_type":"article","og_title":"N\u00e4in n\u00e4yttely rakennettiin - Kirjamets\u00e4 \u2013 N\u00e4yttely kotimaisen kirjallisuuden taianomaisista metsist\u00e4","og_description":"Kirjamets\u00e4-n\u00e4yttelyn rakensi Keski-Suomen sanataideyhdistys Rapina ry:n moniosaavat j\u00e4senet. Homma jaettiin kahteen osioon: opetukseen ja lavastukseen. Audio- ja kuvituspuolelle n\u00e4yttelytiimi palkkasi yhdistyksen ulkopuolisia tukijoukkoja. Tilat n\u00e4yttelylle l\u00f6ytyiv\u00e4t Keski-kirjastoilta, joka on hankkeen p\u00e4\u00e4yhteisty\u00f6kumppani. N\u00e4yttely on rakennettu Alfred Kordelinin s\u00e4\u00e4ti\u00f6n apurahan turvin. Opetuspuoli","og_url":"https:\/\/sanataideyhdistysrapina.com\/kirjametsa\/nain-nayttely-rakennettiin\/","og_site_name":"Kirjamets\u00e4 \u2013 N\u00e4yttely kotimaisen kirjallisuuden taianomaisista metsist\u00e4","article_modified_time":"2021-04-04T09:26:25+00:00","og_image":[{"url":"https:\/\/sanataideyhdistysrapina.com\/kirjametsa\/wp-content\/uploads\/sites\/3\/2021\/03\/Viidakko-_-puumaja-valk.tausta-300x300.png","type":"","width":"","height":""}],"twitter_card":"summary_large_image","twitter_misc":{"Arvioitu lukuaika":"1 minuutti"},"schema":{"@context":"https:\/\/schema.org","@graph":[{"@type":"WebPage","@id":"https:\/\/sanataideyhdistysrapina.com\/kirjametsa\/nain-nayttely-rakennettiin\/","url":"https:\/\/sanataideyhdistysrapina.com\/kirjametsa\/nain-nayttely-rakennettiin\/","name":"N\u00e4in n\u00e4yttely rakennettiin - Kirjamets\u00e4 \u2013 N\u00e4yttely kotimaisen kirjallisuuden taianomaisista metsist\u00e4","isPartOf":{"@id":"https:\/\/sanataideyhdistysrapina.com\/kirjametsa\/#website"},"primaryImageOfPage":{"@id":"https:\/\/sanataideyhdistysrapina.com\/kirjametsa\/nain-nayttely-rakennettiin\/#primaryimage"},"image":{"@id":"https:\/\/sanataideyhdistysrapina.com\/kirjametsa\/nain-nayttely-rakennettiin\/#primaryimage"},"thumbnailUrl":"https:\/\/sanataideyhdistysrapina.com\/kirjametsa\/wp-content\/uploads\/sites\/3\/2021\/03\/Viidakko-_-puumaja-valk.tausta-300x300.png","datePublished":"2021-02-06T20:55:13+00:00","dateModified":"2021-04-04T09:26:25+00:00","breadcrumb":{"@id":"https:\/\/sanataideyhdistysrapina.com\/kirjametsa\/nain-nayttely-rakennettiin\/#breadcrumb"},"inLanguage":"fi","potentialAction":[{"@type":"ReadAction","target":["https:\/\/sanataideyhdistysrapina.com\/kirjametsa\/nain-nayttely-rakennettiin\/"]}]},{"@type":"ImageObject","inLanguage":"fi","@id":"https:\/\/sanataideyhdistysrapina.com\/kirjametsa\/nain-nayttely-rakennettiin\/#primaryimage","url":"https:\/\/sanataideyhdistysrapina.com\/kirjametsa\/wp-content\/uploads\/sites\/3\/2021\/03\/Viidakko-_-puumaja-valk.tausta.png","contentUrl":"https:\/\/sanataideyhdistysrapina.com\/kirjametsa\/wp-content\/uploads\/sites\/3\/2021\/03\/Viidakko-_-puumaja-valk.tausta.png","width":1400,"height":1400},{"@type":"BreadcrumbList","@id":"https:\/\/sanataideyhdistysrapina.com\/kirjametsa\/nain-nayttely-rakennettiin\/#breadcrumb","itemListElement":[{"@type":"ListItem","position":1,"name":"Etusivu","item":"https:\/\/sanataideyhdistysrapina.com\/kirjametsa\/"},{"@type":"ListItem","position":2,"name":"N\u00e4in n\u00e4yttely rakennettiin"}]},{"@type":"WebSite","@id":"https:\/\/sanataideyhdistysrapina.com\/kirjametsa\/#website","url":"https:\/\/sanataideyhdistysrapina.com\/kirjametsa\/","name":"Kirjamets\u00e4 \u2013 N\u00e4yttely kotimaisen kirjallisuuden taianomaisista metsist\u00e4","description":"","potentialAction":[{"@type":"SearchAction","target":{"@type":"EntryPoint","urlTemplate":"https:\/\/sanataideyhdistysrapina.com\/kirjametsa\/?s={search_term_string}"},"query-input":{"@type":"PropertyValueSpecification","valueRequired":true,"valueName":"search_term_string"}}],"inLanguage":"fi"}]}},"_links":{"self":[{"href":"https:\/\/sanataideyhdistysrapina.com\/kirjametsa\/wp-json\/wp\/v2\/pages\/20","targetHints":{"allow":["GET"]}}],"collection":[{"href":"https:\/\/sanataideyhdistysrapina.com\/kirjametsa\/wp-json\/wp\/v2\/pages"}],"about":[{"href":"https:\/\/sanataideyhdistysrapina.com\/kirjametsa\/wp-json\/wp\/v2\/types\/page"}],"author":[{"embeddable":true,"href":"https:\/\/sanataideyhdistysrapina.com\/kirjametsa\/wp-json\/wp\/v2\/users\/1"}],"replies":[{"embeddable":true,"href":"https:\/\/sanataideyhdistysrapina.com\/kirjametsa\/wp-json\/wp\/v2\/comments?post=20"}],"version-history":[{"count":19,"href":"https:\/\/sanataideyhdistysrapina.com\/kirjametsa\/wp-json\/wp\/v2\/pages\/20\/revisions"}],"predecessor-version":[{"id":288,"href":"https:\/\/sanataideyhdistysrapina.com\/kirjametsa\/wp-json\/wp\/v2\/pages\/20\/revisions\/288"}],"wp:attachment":[{"href":"https:\/\/sanataideyhdistysrapina.com\/kirjametsa\/wp-json\/wp\/v2\/media?parent=20"}],"curies":[{"name":"wp","href":"https:\/\/api.w.org\/{rel}","templated":true}]}}